t common divisor of 2829 and 1074261.
69
What is the highest common divisor of 46436824 and 28?
28
Calculate the highest common divisor of 22 and 6717766.
22
Calculate the greatest common divisor of 744 and 41793.
3
What is the greatest common divisor of 8625226 and 1939?
277
What is the greatest common factor of 48816 and 108028?
452
Calculate the greatest common factor of 2407684 and 204262.
4346
What is the highest common factor of 30975 and 15484875?
525
What is the greatest common divisor of 7398283 and 8069249?
17657
What is the greatest common factor of 10098 and 2013858?
198
What is the highest common factor of 100099584 and 702?
702
Calculate the greatest common divisor of 202380342 and 32385.
6477
What is the greatest common divisor of 30 and 346794585?
15
What is the highest common divisor of 155904 and 248304?
336
What is the highest common divisor of 243 and 6028371?
27
What is the highest common factor of 1294 and 26742451?
647
Calculate the highest common factor of 132 and 14547423.
33
What is the greatest common factor of 75293 and 117893079?
1751
Calculate the greatest common factor of 1984 and 2366354.
62
What is the greatest common factor of 7130286 and 358?
358
What is the highest common factor of 224074 and 95147?
563
What is the greatest common factor of 480 and 3270720?
480
What is the highest common factor of 1556184 and 38465?
1099
What is the highest common divisor of 18529 and 105173251?
2647
Calculate the greatest common divisor of 4 and 7062824.
4
What is the greatest common divisor of 86943984 and 6768?
2256
Calculate the greatest common divisor of 63 and 473211.
9
Calculate the highest common divisor of 27608580 and 13284.
4428
Calculate the highest common divisor of 4581 and 153767373.
1527
Calculate the greatest common factor of 25420 and 272428.
124
What is the greatest common divisor of 67921049 and 83608?
10451
Calculate the greatest common divisor of 4879136 and 544.
544
What is the greatest common divisor of 48 and 7501176?
24
What is the greatest common divisor of 1758624 and 5040?
336
Calculate the highest common factor of 17 and 431842874.
17
Calculate the highest common factor of 192 and 286188.
12
What is the greatest common divisor of 8330 and 40335134?
98
What is the highest common factor of 26689 and 7218348?
2053
Calculate the greatest common factor of 1 and 4878721.
1
Calculate the greatest common factor of 23901 and 1775091.
93
What is the greatest common factor of 2552 and 276680?
8
Calculate the highest common divisor of 896 and 3055024.
112
Calculate the highest common factor of 15164471 and 98.
49
What is the highest common factor of 27784 and 47288?
184
Calculate the greatest common factor of 194398 and 921337.
1369
Calculate the highest common divisor of 40827560 and 280.
40
Calculate the greatest common divisor of 46 and 10466058.
46
Calculate the greatest common divisor of 62494502 and 196.
98
Calculate the greatest common divisor of 254727 and 405387.
279
What is the highest common factor of 20833022 and 182?
14
Calculate the highest common factor of 14487 and 7887.
33
Calculate the highest common factor of 1344 and 9261952.
448
Calculate the highest common divisor of 1131966 and 8844.
66
What is the greatest common divisor of 23958 and 644688?
2178
What is the highest common divisor of 13391003 and 37?
37
Calculate the highest common divisor of 34692 and 1668933.
1239
What is the greatest common divisor of 5 and 53217793?
1
Calculate the highest common divisor of 2710910 and 16435.
865
What is the greatest common divisor of 8950705 and 2465?
145
What is the greatest common divisor of 7671986 and 42?
14
Calculate the greatest common divisor of 571032 and 82503.
927
Calculate the greatest common divisor of 22 and 48756928.
22
What is the greatest common divisor of 4956 and 329937440?
1652
Calculate the highest common factor of 37635919 and 1036.
37
What is the greatest common factor of 26 and 36349378?
26
Calculate the highest common factor of 184 and 1920684.
92
What is the greatest common factor of 843522 and 102?
6
Calculate the highest common factor of 3497309 and 4237.
223
What is the greatest common divisor of 8436727 and 2032049?
10639
Calculate the greatest common factor of 3750 and 7292125.
125
What is the highest common factor of 14948 and 18180?
404
What is the greatest common factor of 13634 and 7697596?
802
Calculate the highest common factor of 214 and 3291962.
214
What is the highest common divisor of 3887 and 637559?
13
Calculate the highest common divisor of 15443146 and 45015.
3001
What is the greatest common divisor of 15496560 and 1080?
360
Calculate the highest common divisor of 297459 and 2259.
9
Calculate the greatest common divisor of 8879 and 27414937.
683
What is the greatest common factor of 18377667 and 1683?
99
What is the highest common divisor of 156262 and 3366427?
3397
Calculate the highest common divisor of 50 and 1462390.
10
What is the greatest common divisor of 2028 and 62945909?
169
Calculate the highest common factor of 5019458 and 1054.
62
Calculate the greatest common divisor of 3841 and 554440.
167
Calculate the greatest common factor of 84 and 27131644.
4
Calculate the greatest common divisor of 8094293 and 329.
47
What is the highest common divisor of 235804 and 51770?
334
What is the greatest common divisor of 106507 and 243653?
1459
What is the greatest common factor of 388 and 3370362?
194
Calculate the highest common factor of 16081950 and 15.
15
What is the highest common divisor of 27930216 and 264?
24
What is the greatest common divisor of 33645 and 85350?
15
Calculate the highest common factor of 18668 and 47160.
4
Calculate the greatest common divisor of 63446733 and 751.
751
What is the greatest common divisor of 3200 and 341400?
200
Calculate the highest common factor of 4692390 and 158685.
1065
What is the greatest common divisor of 74935611 and 27?
27
Calculate the highest common divisor of 1822629 and 665939.
1123
What is the highest common factor of 5019 and 24205920?
717
What is the greatest common factor of 261 and 367545855?
87
Calculate the greatest common divisor of 69459 and 1698.
3
Calculate the greatest common factor of 7930 and 2780.
10
Calculate the greatest common divisor of 14734271 and 1186.
593
Calculate the highest common factor of 3190 and 3051180.
110
What is the greatest common factor of 501168675 and 50?
25
What is the highest common factor of 812 and 8471393?
203
What is the highest common divisor of 11569950 and 32550?
1050
Calculate the highest common factor of 343936 and 1152.
128
Calculate the highest common divisor of 52870 and 414035.
85
What is the highest common factor of 260300435 and 53050?
5305
Calculate the highest common divisor of 760 and 24418496.
152
Calculate the highest common divisor of 16905 and 1815045.
345
Calculate the highest common factor of 995703 and 5307.
183
Calculate the greatest common factor of 4028566 and 334.
2
Calculate the greatest common divisor of 102225 and 732975.
2175
Calculate the greatest common factor of 972 and 22685994.
486
Calculate the highest common divisor of 13923 and 4284.
1071
Calculate the highest common factor of 3507 and 459696057.
501
Calculate the greatest common divisor of 27657931 and 14.
7
Calculate the greatest common divisor of 2404488 and 4104.
456
Calculate the greatest common divisor of 5493140 and 42044.
1828
What is the highest common divisor of 6375733 and 2548?
637
Calculate the highest common divisor of 8896 and 244208544.
4448
Calculate the highest common divisor of 9513 and 1278819.
1359
What is the greatest common factor of 18 and 294520437?
9
What is the highest common factor of 458896602 and 789?
789
Calculate the greatest common divisor of 17915100 and 875.
175
Calculate the greatest common divisor of 3653 and 6597037.
281
Calculate the greatest common factor of 1579662 and 1110420.
3582
What is the highest common divisor of 36323740 and 30?
10
What is the highest common divisor of 600 and 27924504?
24
Calculate the highest common factor of 111735 and 4680.
585
What is the highest common factor of 1052769 and 2064?
129
Calculate the greatest common divisor of 473246 and 1802.
34
Calculate the highest common divisor of 621775 and 